{"id":37,"date":"2018-03-29T11:48:39","date_gmt":"2018-03-29T11:48:39","guid":{"rendered":"http:\/\/home.schmidsped.de\/?page_id=37"},"modified":"2025-08-22T08:50:28","modified_gmt":"2025-08-22T08:50:28","slug":"kontakt","status":"publish","type":"page","link":"https:\/\/schmidsped.de\/?page_id=37","title":{"rendered":"\u00dcber uns"},"content":{"rendered":"<p>Herzlich willkommen bei der Marius SCHMID SPEDITION GmbH!<\/p>\n<p>Wir sind ein familiengef\u00fchrtes, mittelst\u00e4ndisches Unternehmen, dass seine Kunden sowohl mit eigenem Equipment, als auch mit Subunternehmern auf nationaler und internationaler Ebene bedient. Die Spedition Schmid blickt auf eine 50-j\u00e4hrige Erfahrung im Glastransport zur\u00fcck.<br \/>\nBei uns kommen ausschlie\u00dflich durch Werkstatt-Wartungsvertr\u00e4ge optimal gewartete Fahrzeuge mit Mobiltelefon und Telematik zum Einsatz. Derzeit sind 12 eigene Z\u00fcge mit einem aktiven, schlagkr\u00e4ftigen und \u00e4u\u00dferst zuverl\u00e4ssigen Team f\u00fcr unsere Kunden unterwegs.<br \/>\nDurch unseren flexiblen und modernen Fuhrpark sind wir in der Lage, auch kurzfristig Auftr\u00e4ge termingetreu und zuverl\u00e4ssig abzuwickeln.<\/p>\n<p><img loading=\"lazy\" decoding=\"async\" class=\"alignnone size-medium wp-image-58\" src=\"http:\/\/home.schmidsped.de\/wp-content\/uploads\/2018\/03\/Alois-Schmid-220x300.jpg\" alt=\"\" width=\"220\" height=\"300\" srcset=\"https:\/\/schmidsped.de\/wp-content\/uploads\/2018\/03\/Alois-Schmid-220x300.jpg 220w, https:\/\/schmidsped.de\/wp-content\/uploads\/2018\/03\/Alois-Schmid-230x314.jpg 230w, https:\/\/schmidsped.de\/wp-content\/uploads\/2018\/03\/Alois-Schmid-350x478.jpg 350w, https:\/\/schmidsped.de\/wp-content\/uploads\/2018\/03\/Alois-Schmid-480x656.jpg 480w, https:\/\/schmidsped.de\/wp-content\/uploads\/2018\/03\/Alois-Schmid.jpg 502w\" sizes=\"auto, (max-width: 220px) 100vw, 220px\" \/><\/p>\n<p><img loading=\"lazy\" decoding=\"async\" class=\"alignnone size-medium wp-image-54\" src=\"http:\/\/home.schmidsped.de\/wp-content\/uploads\/2018\/03\/Glocke-300x214.jpg\" alt=\"\" width=\"300\" height=\"214\" srcset=\"https:\/\/schmidsped.de\/wp-content\/uploads\/2018\/03\/Glocke-300x214.jpg 300w, https:\/\/schmidsped.de\/wp-content\/uploads\/2018\/03\/Glocke-768x548.jpg 768w, https:\/\/schmidsped.de\/wp-content\/uploads\/2018\/03\/Glocke-230x164.jpg 230w, https:\/\/schmidsped.de\/wp-content\/uploads\/2018\/03\/Glocke-350x250.jpg 350w, https:\/\/schmidsped.de\/wp-content\/uploads\/2018\/03\/Glocke-480x343.jpg 480w, https:\/\/schmidsped.de\/wp-content\/uploads\/2018\/03\/Glocke.jpg 796w\" sizes=\"auto, (max-width: 300px) 100vw, 300px\" \/><\/p>\n<p><img loading=\"lazy\" decoding=\"async\" class=\"alignnone size-medium wp-image-53\" src=\"http:\/\/home.schmidsped.de\/wp-content\/uploads\/2018\/03\/M\u00e4rz-1999-Flottenbild-3--300x204.jpg\" alt=\"\" width=\"300\" height=\"204\" srcset=\"https:\/\/schmidsped.de\/wp-content\/uploads\/2018\/03\/M\u00e4rz-1999-Flottenbild-3--300x204.jpg 300w, https:\/\/schmidsped.de\/wp-content\/uploads\/2018\/03\/M\u00e4rz-1999-Flottenbild-3--768x522.jpg 768w, https:\/\/schmidsped.de\/wp-content\/uploads\/2018\/03\/M\u00e4rz-1999-Flottenbild-3--830x564.jpg 830w, https:\/\/schmidsped.de\/wp-content\/uploads\/2018\/03\/M\u00e4rz-1999-Flottenbild-3--230x156.jpg 230w, https:\/\/schmidsped.de\/wp-content\/uploads\/2018\/03\/M\u00e4rz-1999-Flottenbild-3--350x238.jpg 350w, https:\/\/schmidsped.de\/wp-content\/uploads\/2018\/03\/M\u00e4rz-1999-Flottenbild-3--480x326.jpg 480w, https:\/\/schmidsped.de\/wp-content\/uploads\/2018\/03\/M\u00e4rz-1999-Flottenbild-3-.jpg 1011w\" sizes=\"auto, (max-width: 300px) 100vw, 300px\" \/><\/p>\n<p><img loading=\"lazy\" decoding=\"async\" class=\"alignnone size-medium wp-image-57\" src=\"http:\/\/home.schmidsped.de\/wp-content\/uploads\/2018\/03\/Innenlader-10-13-300x151.jpg\" alt=\"\" width=\"300\" height=\"151\" srcset=\"https:\/\/schmidsped.de\/wp-content\/uploads\/2018\/03\/Innenlader-10-13-300x151.jpg 300w, https:\/\/schmidsped.de\/wp-content\/uploads\/2018\/03\/Innenlader-10-13-768x387.jpg 768w, https:\/\/schmidsped.de\/wp-content\/uploads\/2018\/03\/Innenlader-10-13-1024x516.jpg 1024w, https:\/\/schmidsped.de\/wp-content\/uploads\/2018\/03\/Innenlader-10-13-830x418.jpg 830w, https:\/\/schmidsped.de\/wp-content\/uploads\/2018\/03\/Innenlader-10-13-230x116.jpg 230w, https:\/\/schmidsped.de\/wp-content\/uploads\/2018\/03\/Innenlader-10-13-350x176.jpg 350w, https:\/\/schmidsped.de\/wp-content\/uploads\/2018\/03\/Innenlader-10-13-480x242.jpg 480w\" sizes=\"auto, (max-width: 300px) 100vw, 300px\" \/><\/p>\n<p><img loading=\"lazy\" decoding=\"async\" class=\"alignnone size-medium wp-image-56\" src=\"http:\/\/home.schmidsped.de\/wp-content\/uploads\/2018\/03\/IMG_2469-300x169.jpg\" alt=\"\" width=\"300\" height=\"169\" srcset=\"https:\/\/schmidsped.de\/wp-content\/uploads\/2018\/03\/IMG_2469-300x169.jpg 300w, https:\/\/schmidsped.de\/wp-content\/uploads\/2018\/03\/IMG_2469-768x432.jpg 768w, https:\/\/schmidsped.de\/wp-content\/uploads\/2018\/03\/IMG_2469-1024x576.jpg 1024w, https:\/\/schmidsped.de\/wp-content\/uploads\/2018\/03\/IMG_2469-830x467.jpg 830w, https:\/\/schmidsped.de\/wp-content\/uploads\/2018\/03\/IMG_2469-230x129.jpg 230w, https:\/\/schmidsped.de\/wp-content\/uploads\/2018\/03\/IMG_2469-350x197.jpg 350w, https:\/\/schmidsped.de\/wp-content\/uploads\/2018\/03\/IMG_2469-480x270.jpg 480w, https:\/\/schmidsped.de\/wp-content\/uploads\/2018\/03\/IMG_2469.jpg 1280w\" sizes=\"auto, (max-width: 300px) 100vw, 300px\" \/><\/p>\n","protected":false},"excerpt":{"rendered":"<p>Herzlich willkommen bei der Marius SCHMID SPEDITION GmbH! Wir sind ein familiengef\u00fchrtes, mittelst\u00e4ndisches Unternehmen, dass seine Kunden sowohl mit eigenem Equipment, als auch mit Subunternehmern auf nationaler und internationaler Ebene bedient. Die Spedition Schmid blickt auf eine 50-j\u00e4hrige Erfahrung im Glastransport zur\u00fcck. Bei uns kommen ausschlie\u00dflich durch Werkstatt-Wartungsvertr\u00e4ge optimal gewartete Fahrzeuge mit Mobiltelefon und Telematik [&hellip;]<\/p>\n","protected":false},"author":1,"featured_media":0,"parent":0,"menu_order":0,"comment_status":"closed","ping_status":"closed","template":"","meta":{"ngg_post_thumbnail":0,"footnotes":""},"class_list":["post-37","page","type-page","status-publish","hentry"],"_links":{"self":[{"href":"https:\/\/schmidsped.de\/index.php?rest_route=\/wp\/v2\/pages\/37","targetHints":{"allow":["GET"]}}],"collection":[{"href":"https:\/\/schmidsped.de\/index.php?rest_route=\/wp\/v2\/pages"}],"about":[{"href":"https:\/\/schmidsped.de\/index.php?rest_route=\/wp\/v2\/types\/page"}],"author":[{"embeddable":true,"href":"https:\/\/schmidsped.de\/index.php?rest_route=\/wp\/v2\/users\/1"}],"replies":[{"embeddable":true,"href":"https:\/\/schmidsped.de\/index.php?rest_route=%2Fwp%2Fv2%2Fcomments&post=37"}],"version-history":[{"count":7,"href":"https:\/\/schmidsped.de\/index.php?rest_route=\/wp\/v2\/pages\/37\/revisions"}],"predecessor-version":[{"id":500,"href":"https:\/\/schmidsped.de\/index.php?rest_route=\/wp\/v2\/pages\/37\/revisions\/500"}],"wp:attachment":[{"href":"https:\/\/schmidsped.de\/index.php?rest_route=%2Fwp%2Fv2%2Fmedia&parent=37"}],"curies":[{"name":"wp","href":"https:\/\/api.w.org\/{rel}","templated":true}]}}